{"id":228,"date":"2023-06-29T13:07:43","date_gmt":"2023-06-29T13:07:43","guid":{"rendered":"http:\/\/www.adartis.de\/?page_id=228"},"modified":"2023-06-29T13:08:43","modified_gmt":"2023-06-29T13:08:43","slug":"dienstleistungen","status":"publish","type":"page","link":"https:\/\/www.adartis.de\/?page_id=228","title":{"rendered":"Dienstleistungen"},"content":{"rendered":"\n<p>adARTIS erbringt im Bereich Cloud eine Reihe von Dienstleistungen f\u00fcr seine Kunden<\/p>\n\n\n\n<p>Angefangen von der Beratung unserer Kunden \u00fcber Sinn und Zweck der verschiedenen Arten von Cloud L\u00f6sungen \u00fcber die Architektur und Feinplanung einer sp\u00e4teren Realisierung bis hin zur Wartung der mit uns realisierten L\u00f6sungen bieten wir ein umfassendes Dienstleistungsportfolio.<\/p>\n\n\n\n<p>Beratung bei der Auswahl Ihrer optimalen Cloud<br>Installation der Cloudsoftware<br>Beratung zu Auswahl und Sinn einer PaaS L\u00f6sung<br>Beratung zum Thema Orchestrierung vs. PaaS<br>Application Assessment Ihrer bestehenden Anwendungslandschaft<br>Portierung Ihrer Anwendungen in die Cloud<br>Wartung und Betrieb der Cloud Installation<br>Wartung und Betrieb der PaaS Installation<br>Kontaktieren Sie uns per E-Mail und erfahren Sie mehr ! &nbsp;E-Mail: bmueller [at] adartis.de<\/p>\n","protected":false},"excerpt":{"rendered":"<p>adARTIS erbringt im Bereich Cloud eine Reihe von Dienstleistungen f\u00fcr seine Kunden Angefangen von der [&hellip;]<\/p>\n","protected":false},"author":1,"featured_media":0,"parent":0,"menu_order":0,"comment_status":"closed","ping_status":"closed","template":"","meta":{"footnotes":""},"class_list":["post-228","page","type-page","status-publish","hentry"],"_links":{"self":[{"href":"https:\/\/www.adartis.de\/index.php?rest_route=\/wp\/v2\/pages\/228","targetHints":{"allow":["GET"]}}],"collection":[{"href":"https:\/\/www.adartis.de\/index.php?rest_route=\/wp\/v2\/pages"}],"about":[{"href":"https:\/\/www.adartis.de\/index.php?rest_route=\/wp\/v2\/types\/page"}],"author":[{"embeddable":true,"href":"https:\/\/www.adartis.de\/index.php?rest_route=\/wp\/v2\/users\/1"}],"replies":[{"embeddable":true,"href":"https:\/\/www.adartis.de\/index.php?rest_route=%2Fwp%2Fv2%2Fcomments&post=228"}],"version-history":[{"count":2,"href":"https:\/\/www.adartis.de\/index.php?rest_route=\/wp\/v2\/pages\/228\/revisions"}],"predecessor-version":[{"id":230,"href":"https:\/\/www.adartis.de\/index.php?rest_route=\/wp\/v2\/pages\/228\/revisions\/230"}],"wp:attachment":[{"href":"https:\/\/www.adartis.de\/index.php?rest_route=%2Fwp%2Fv2%2Fmedia&parent=228"}],"curies":[{"name":"wp","href":"https:\/\/api.w.org\/{rel}","templated":true}]}}