{"id":24,"date":"2023-06-26T06:46:56","date_gmt":"2023-06-26T06:46:56","guid":{"rendered":"http:\/\/www.adartis.de\/?page_id=24"},"modified":"2023-06-26T07:04:49","modified_gmt":"2023-06-26T07:04:49","slug":"cloud-strategie","status":"publish","type":"page","link":"https:\/\/www.adartis.de\/?page_id=24","title":{"rendered":"OpenShift"},"content":{"rendered":"\n<p>OpenShift von RedHat ist eine auf Kubernetes basierende PaaS Plattform. Mittels OpenShift kann man ganz einfach Container-basierte Anwendungen deployen, skalieren und hochverf\u00fcgbar machen. Zus\u00e4tzlich bietet OpenShift mit Hilfe sogenannter Images die M\u00f6glichkeit Anwendungen automatisch mit der dazugeh\u00f6rigen Middleware zu deployen.<\/p>\n\n\n\n<p>So gibt es z.B. Standardumgebungen f\u00fcr folgende Umgebungen:<\/p>\n\n\n\n<p>Node.js<br>Perl<br>PHP<br>Python<br>Ruby<br>Wildfly<br>Zus\u00e4tzlich gibt es auch eine Reihe von fertigen Images zum Aufbau einer Datenbankumgebung, wie z.B.:<\/p>\n\n\n\n<p>MySQL<br>PostgreSQL<br>MongoDB<br>MariaDB<br>Weiterhin gibt es in der Public Domain eine gro\u00dfe Anzahl frei verf\u00fcgbarer Images f\u00fcr weitere Umgebungen, wie Cassandra, nginx, usw.<\/p>\n\n\n\n<p>Der Hauptunterschied zwischen OpenShift und Cloud Foundry ist dass OpenShifts Containerverwaltung auf dem offenen Kubernetes Standard besteht, w\u00e4hrend Cloud Foundry eine eigene Containerverwaltung implementiert hat. Zudem bietet OpenShift eine bessere jBoss-basierte Java Unter st\u00fctzung als Cloud Foundry.<\/p>\n\n\n\n<p>Kontaktieren Sie uns per E-Mail und erfahren Sie mehr ! &nbsp;E-Mail: bmueller [at] adartis.de<\/p>\n","protected":false},"excerpt":{"rendered":"<p>OpenShift von RedHat ist eine auf Kubernetes basierende PaaS Plattform. Mittels OpenShift kann man ganz [&hellip;]<\/p>\n","protected":false},"author":1,"featured_media":0,"parent":0,"menu_order":0,"comment_status":"closed","ping_status":"closed","template":"","meta":{"footnotes":""},"class_list":["post-24","page","type-page","status-publish","hentry"],"_links":{"self":[{"href":"https:\/\/www.adartis.de\/index.php?rest_route=\/wp\/v2\/pages\/24","targetHints":{"allow":["GET"]}}],"collection":[{"href":"https:\/\/www.adartis.de\/index.php?rest_route=\/wp\/v2\/pages"}],"about":[{"href":"https:\/\/www.adartis.de\/index.php?rest_route=\/wp\/v2\/types\/page"}],"author":[{"embeddable":true,"href":"https:\/\/www.adartis.de\/index.php?rest_route=\/wp\/v2\/users\/1"}],"replies":[{"embeddable":true,"href":"https:\/\/www.adartis.de\/index.php?rest_route=%2Fwp%2Fv2%2Fcomments&post=24"}],"version-history":[{"count":3,"href":"https:\/\/www.adartis.de\/index.php?rest_route=\/wp\/v2\/pages\/24\/revisions"}],"predecessor-version":[{"id":30,"href":"https:\/\/www.adartis.de\/index.php?rest_route=\/wp\/v2\/pages\/24\/revisions\/30"}],"wp:attachment":[{"href":"https:\/\/www.adartis.de\/index.php?rest_route=%2Fwp%2Fv2%2Fmedia&parent=24"}],"curies":[{"name":"wp","href":"https:\/\/api.w.org\/{rel}","templated":true}]}}