{"id":246,"date":"2023-06-29T13:18:12","date_gmt":"2023-06-29T13:18:12","guid":{"rendered":"http:\/\/www.adartis.de\/?page_id=246"},"modified":"2023-06-29T13:18:12","modified_gmt":"2023-06-29T13:18:12","slug":"losungen","status":"publish","type":"page","link":"https:\/\/www.adartis.de\/?page_id=246","title":{"rendered":"L\u00f6sungen"},"content":{"rendered":"\n<p>Die Cloud und Cloud-basierte L\u00f6sungen sind in aller Munde!<\/p>\n\n\n\n<p>Sei es in Cloud-basierten Filesharing-L\u00f6sungen wie DropBox oder Google-Drive, oder auch in SaaS (Software-as-a-Service) basierten L\u00f6sungen wie SalesForce oder SugarCRM.<\/p>\n\n\n\n<p>Dies alles sind Public Cloud L\u00f6sungen, also L\u00f6sungen auf die \u00fcber das Internet zugegriffen wird. Aber auch inhouse, als private Variante, bringt die Cloud gro\u00dfen Nutzen.<\/p>\n\n\n\n<p>So kann z.B. eine private Cloud als linear skalierbare Computing-Plattform betrieben werden, die eine gro\u00dfe Anzahl schnell abrufbarer virtueller Maschinen bereith\u00e4lt.<\/p>\n\n\n\n<p>Sie wollen ein neu es Big Data Projekt aufsetzen? Kein Problem, generieren Sie in Ihrer private Cloud einfach eine Reihe von VMs in denen Sie Hadoop oder \u00e4hnliche L\u00f6sungen laufen lassen.<\/p>\n\n\n\n<p>Oder Sie brauchen eine neue Testumgebung f\u00fcr die n\u00e4chste Variante Ihrer inhouse eBusiness L\u00f6sung? Die private Cloud generiert Ihnen eine komplette Umgebung in weniger als einer Stunde!<\/p>\n\n\n\n<p>Aber auch im Bereich Public Cloud k\u00f6nnen Sie unser e L\u00f6sungen einsetzen.<\/p>\n\n\n\n<p>Kontaktieren Sie uns per E-Mail und erfahren Sie mehr ! &nbsp;E-Mail: bmueller [at] adartis.de<\/p>\n","protected":false},"excerpt":{"rendered":"<p>Die Cloud und Cloud-basierte L\u00f6sungen sind in aller Munde! Sei es in Cloud-basierten Filesharing-L\u00f6sungen wie [&hellip;]<\/p>\n","protected":false},"author":1,"featured_media":0,"parent":0,"menu_order":0,"comment_status":"closed","ping_status":"closed","template":"","meta":{"footnotes":""},"class_list":["post-246","page","type-page","status-publish","hentry"],"_links":{"self":[{"href":"https:\/\/www.adartis.de\/index.php?rest_route=\/wp\/v2\/pages\/246","targetHints":{"allow":["GET"]}}],"collection":[{"href":"https:\/\/www.adartis.de\/index.php?rest_route=\/wp\/v2\/pages"}],"about":[{"href":"https:\/\/www.adartis.de\/index.php?rest_route=\/wp\/v2\/types\/page"}],"author":[{"embeddable":true,"href":"https:\/\/www.adartis.de\/index.php?rest_route=\/wp\/v2\/users\/1"}],"replies":[{"embeddable":true,"href":"https:\/\/www.adartis.de\/index.php?rest_route=%2Fwp%2Fv2%2Fcomments&post=246"}],"version-history":[{"count":1,"href":"https:\/\/www.adartis.de\/index.php?rest_route=\/wp\/v2\/pages\/246\/revisions"}],"predecessor-version":[{"id":247,"href":"https:\/\/www.adartis.de\/index.php?rest_route=\/wp\/v2\/pages\/246\/revisions\/247"}],"wp:attachment":[{"href":"https:\/\/www.adartis.de\/index.php?rest_route=%2Fwp%2Fv2%2Fmedia&parent=246"}],"curies":[{"name":"wp","href":"https:\/\/api.w.org\/{rel}","templated":true}]}}